{"id":17,"date":"2017-01-21T19:02:07","date_gmt":"2017-01-21T18:02:07","guid":{"rendered":"http:\/\/localhost:8888\/Sankt%20Barbara%20NEU\/?page_id=2"},"modified":"2026-04-13T21:41:53","modified_gmt":"2026-04-13T19:41:53","slug":"home","status":"publish","type":"page","link":"http:\/\/sankt-barbara-korbach.de\/","title":{"rendered":"Home"},"content":{"rendered":"<hr \/>\n<h4 style=\"text-align: left;\"><strong>Seid Herzlich Willkommen<\/strong><\/h4>\n<p style=\"text-align: justify;\">Die Bruderschaft &#8222;Sankt Barbara&#8220; wurde am 4. Dezember 1952 als Gesch\u00fctzgruppe der Sch\u00fctzengilde 1377 Korbach e.V. gegr\u00fcndet. Sie hat sich zur Aufgabe gemacht, bei den Veranstaltungen der Sch\u00fctzengilde, bei sonstigen Heimatfesten und bei besonderen Anl\u00e4ssen durch ihr \u00e4u\u00dferes Auftreten und gegebenenfalls auch durch B\u00f6llerschie\u00dfen mitzuwirken. Ferner haben ihre Mitglieder beschlossen, allj\u00e4hrlich ein Neujahrsschie\u00dfen auf dem Kiliansturm durchzuf\u00fchren, am Tage &#8222;Sankt Barbara&#8220; dem 4. Dezember jeden Jahres ein &#8222;Barbarafest&#8220; zu feiern und auch innerhalb der Gruppe geselliges Beisammensein mit Ehefrauen und Br\u00e4uten\u00a0 zu pflegen.<\/p>\n<p><span style=\"font-size: 11px;\"><strong>Letzte Aktualisierung: 13.04.2026<\/strong><\/span><\/p>\n<hr \/>\n","protected":false},"excerpt":{"rendered":"<p>Seid Herzlich Willkommen Die Bruderschaft &#8222;Sankt Barbara&#8220; wurde am 4. Dezember 1952 als Gesch\u00fctzgruppe der Sch\u00fctzengilde 1377 Korbach e.V. gegr\u00fcndet. Sie hat sich zur Aufgabe gemacht, bei den Veranstaltungen der Sch\u00fctzengilde, bei sonstigen Heimatfesten und bei besonderen Anl\u00e4ssen durch ihr \u00e4u\u00dferes Auftreten und gegebenenfalls auch durch B\u00f6llerschie\u00dfen mitzuwirken. Ferner haben ihre Mitglieder beschlossen, allj\u00e4hrlich ein Neujahrsschie\u00dfen auf dem Kiliansturm durchzuf\u00fchren,<\/p>\n","protected":false},"author":1,"featured_media":803,"parent":0,"menu_order":1,"comment_status":"closed","ping_status":"closed","template":"","meta":{"footnotes":""},"_links":{"self":[{"href":"http:\/\/sankt-barbara-korbach.de\/index.php?rest_route=\/wp\/v2\/pages\/17"}],"collection":[{"href":"http:\/\/sankt-barbara-korbach.de\/index.php?rest_route=\/wp\/v2\/pages"}],"about":[{"href":"http:\/\/sankt-barbara-korbach.de\/index.php?rest_route=\/wp\/v2\/types\/page"}],"author":[{"embeddable":true,"href":"http:\/\/sankt-barbara-korbach.de\/index.php?rest_route=\/wp\/v2\/users\/1"}],"replies":[{"embeddable":true,"href":"http:\/\/sankt-barbara-korbach.de\/index.php?rest_route=%2Fwp%2Fv2%2Fcomments&post=17"}],"version-history":[{"count":57,"href":"http:\/\/sankt-barbara-korbach.de\/index.php?rest_route=\/wp\/v2\/pages\/17\/revisions"}],"predecessor-version":[{"id":888,"href":"http:\/\/sankt-barbara-korbach.de\/index.php?rest_route=\/wp\/v2\/pages\/17\/revisions\/888"}],"wp:featuredmedia":[{"embeddable":true,"href":"http:\/\/sankt-barbara-korbach.de\/index.php?rest_route=\/wp\/v2\/media\/803"}],"wp:attachment":[{"href":"http:\/\/sankt-barbara-korbach.de\/index.php?rest_route=%2Fwp%2Fv2%2Fmedia&parent=17"}],"curies":[{"name":"wp","href":"https:\/\/api.w.org\/{rel}","templated":true}]}}